, 23
What are the prime factors of 2152?
2, 269
What are the prime factors of 196?
2, 7
What are the prime factors of 742?
2, 7, 53
List the prime factors of 2585.
5, 11, 47
What are the prime factors of 1194?
2, 3, 199
What are the prime factors of 777?
3, 7, 37
What are the prime factors of 4432?
2, 277
List the prime factors of 196.
2, 7
What are the prime factors of 521?
521
List the prime factors of 112309.
19, 23, 257
List the prime factors of 979.
11, 89
What are the prime factors of 718?
2, 359
List the prime factors of 2729.
2729
What are the prime factors of 2333?
2333
What are the prime factors of 403?
13, 31
What are the prime factors of 584?
2, 73
List the prime factors of 916.
2, 229
List the prime factors of 19068.
2, 3, 7, 227
List the prime factors of 73378.
2, 19, 1931
What are the prime factors of 38631?
3, 79, 163
What are the prime factors of 71178?
2, 3, 11863
List the prime factors of 18140.
2, 5, 907
What are the prime factors of 64959?
3, 59, 367
What are the prime factors of 4802?
2, 7
List the prime factors of 81699.
3, 113, 241
What are the prime factors of 22?
2, 11
List the prime factors of 34.
2, 17
What are the prime factors of 3516?
2, 3, 293
List the prime factors of 1918.
2, 7, 137
List the prime factors of 70301.
7, 11, 83
What are the prime factors of 781?
11, 71
List the prime factors of 909.
3, 101
List the prime factors of 647.
647
What are the prime factors of 41172?
2, 3, 47, 73
What are the prime factors of 2815?
5, 563
List the prime factors of 9001.
9001
List the prime factors of 8059.
8059
List the prime factors of 3871.
7, 79
What are the prime factors of 63943?
11, 5813
What are the prime factors of 19817?
7, 19, 149
What are the prime factors of 3907?
3907
What are the prime factors of 679?
7, 97
List the prime factors of 141.
3, 47
What are the prime factors of 12714?
2, 3, 13, 163
What are the prime factors of 31402?
2, 7, 2243
List the prime factors of 1046.
2, 523
List the prime factors of 56384.
2, 881
What are the prime factors of 87?
3, 29
What are the prime factors of 22798?
2, 11399
List the prime factors of 2744.
2, 7
List the prime factors of 25281.
3, 53
What are the prime factors of 139405?
5, 7, 569
What are the prime factors of 693?
3, 7, 11
What are the prime factors of 14066?
2, 13, 541
What are the prime factors of 69917?
139, 503
List the prime factors of 20117.
20117
What are the prime factors of 3118?
2, 1559
List the prime factors of 19594.
2, 97, 101
What are the prime factors of 181?
181
What are the prime factors of 9740?
2, 5, 487
List the prime factors of 96935.
5, 19387
What are the prime factors of 7553?
7, 13, 83
What are the prime factors of 27318?
2, 3, 29, 157
What are the prime factors of 14282?
2, 37, 193
What are the prime factors of 6987?
3, 17, 137
What are the prime factors of 5838?
2, 3, 7, 139
List the prime factors of 1166.
2, 11, 53
What are the prime factors of 52640?
2, 5, 7, 47
What are the prime factors of 57?
3, 19
What are the prime factors of 1936?
2, 11
List the prime factors of 36212.
2, 11, 823
List the prime factors of 127.
127
What are the prime factors of 12842?
2, 6421
What are the prime factors of 11347?
7, 1621
What are the prime factors of 585?
3, 5, 13
What are the prime factors of 36346?
2, 17, 1069
List the prime factors of 1179.
3, 131
What are the prime factors of 576?
2, 3
What are the prime factors of 235?
5, 47
List the prime factors of 49789.
49789
What are the prime factors of 929?
929
List the prime factors of 2285.
5, 457
What are the prime factors of 46128?
2, 3, 31
What are the prime factors of 305?
5, 61
List the prime factors of 467.
467
What are the prime factors of 585?
3, 5, 13
What are the prime factors of 1373?
1373
What are the prime factors of 69552?
2, 3, 7, 23
List the prime factors of 16632.
2, 3, 7, 11
What are the prime factors of 105040?
2, 5, 13, 101
What are the prime factors of 59166?
2, 3, 19, 173
List the prime factors of 774.
2, 3, 43
What are the prime factors of 558?
2, 3, 31
List the prime factors of 11542.
2, 29, 199
List the prime factors of 11264.
2, 11
List the prime factors of 2775.
3, 5, 37
What are the prime factors of 6997?
6997
What are the prime factors of 1121?
19, 59
List the prime factors of 1776.
2, 3, 37
List the prime factors of 3638.
2, 17, 107
List the prime factors of 2009.
7, 41
What are the prime factors of 20344?
2, 2543
What are the prime factors of 14129?
71, 199
What are the prime factors of 20469?
3, 6823
What are the prime factors of 8642?
2, 29, 149
What are the prime factors of 878?
2, 439
What are the prime factors of 471?
3, 157
What are the prime factors of 751?
751
What are the prime factors of 808?
2, 101
List the prime factors of 13261.
89, 149
What are the prime factors of 32455?
5, 6491
List the prime factors of 1141.
7, 163
List the prime factors of 4434.
2, 3, 739
List the prime factors of 90197.
90197
List the prime factors of 2575.
5, 103
What are the prime factors of 5365?
5, 29, 37
List the prime factors of 10319.
17, 607
List the prime factors of 5027.
11, 457
What are the prime factors of 105653?
105653
What are the prime factors of 52?
2, 13
What are the prime factors of 8197?
7, 1171
What are the prime factors of 16266?
2, 3, 2711
What are the prime factors of 3979?
23, 173
What are the prime factors of 66?
2, 3, 11
List the prime factors of 22542.
2, 3, 13, 17
List the prime factors of 12474.
2, 3, 7, 11
List the prime factors of 17733.
3, 23, 257
List the prime factors of 1013.
1013
List the prime factors of 49282.
2, 41, 601
List the prime factors of 43766.
2, 79, 277
What are the prime factors of 282?
2, 3, 47
List the prime factors of 1732.
2, 433
List the prime factors of 4563.
3, 13
List the prime factors of 75719.
7, 29, 373
List the prime factors of 66208.
2, 2069
What are the prime factors of 1444?
2, 19
What are the prime factors of 20296?
2, 43, 59
List the prime factors of 265.
5, 53
List the prime factors of 7037.
31, 227
What are the prime factors of 97950?
2, 3, 5, 653
What are the prime factors of 5796?
2, 3, 7, 23
List the prime factors of 3544.
2, 443
List the prime factors of 69752.
2, 8719
List the prime factors of 36877.
36877
What are the prime factors of 1637?
1637
List the prime factors of 1576.
2, 197
What are the prime factors of 70393?
70393
List the prime factors of 106268.
2, 31, 857
List the prime factors of 49353.
3, 16451
What are the prime factors of 3444?
2, 3, 7, 41
What are the prime factors of 110706?
2, 3, 18451
List the prime factors of 10309.
13, 61
What are the prime factors of 1032?
2, 3, 43
What are the prime factors of 4819?
61, 79
List the prime factors of 132269.
29, 4561
What are the prime factors of 10171?
7, 1453
List the prime factors of 46430.
2, 5, 4643
List the prime factors of 37274.
2, 18637
What are the prime factors of 735?
3, 5, 7
List the prime factors of 42448.
2, 7, 379
List the prime factors of 888.
2, 3, 37
List the prime factors of 2614.
2, 1307
List the prime factors of 9379.
83, 113
List the prime factors of 6080.
2, 5, 19
What are the prime factors of 119367?
3, 4421
What are the prime factors of 171658?
2, 85829
List the prime factors of 21832.
2, 2729
List the prime factors of 404.
2, 101
What are the prime factors of 10241?
7, 11, 19
List the prime factors of 1254.
2, 3, 11, 19
List the prime factors of 27866.
2, 13933
What are the prime factors of 22302?
2, 3, 7, 59
What are the prime factors of 68596?
2, 11, 1559
What are the prime factors of 166864?
2, 10429
What are the prime factors of 2144?
2, 67
What are the prime factors of 1107?
3, 41
List the prime factors of 4465.
5, 19, 47
List the prime factors of 8700.
2, 3, 5, 29
What are the prime factors of 6529?
6529
What are the prime factors of 1647?
3, 61
What are the prime factors of 4039?
7, 577
List the prime factors of 4504.
2, 563
What are the prime factors of 20?
2, 5
List the prime factors of 803.
11, 73
What are the prime factors of 2442?
2, 3, 11, 37
List the prime factors of 628.
2, 157
What are the prime factors of 609?
3, 7, 29
What are the prime factors of 11215?
5, 2243
What are the prime factors of 7901?
7901
What are the prime factors of 162?
2, 3
What are the prime factors of 23152?
2, 1447
List the prime fa